{"id":48,"date":"2024-09-01T17:35:23","date_gmt":"2024-09-01T15:35:23","guid":{"rendered":"http:\/\/erhard-goettlicher.de\/?page_id=48"},"modified":"2024-09-13T11:45:51","modified_gmt":"2024-09-13T09:45:51","slug":"vita","status":"publish","type":"page","link":"http:\/\/erhard-goettlicher.de\/index.php\/vita\/","title":{"rendered":"Vita"},"content":{"rendered":"\n<p id=\"block-9718db89-e304-47b0-bc71-ffc770b42c72\">Erhard G\u00f6ttlicher, geboren 1946 in Graz, lebt und arbeitet in Uetersen,&nbsp;zweites Atelier in Eckernf\u00f6rde\/Carlsh\u00f6he, Schleswig-Holstein<\/p>\n\n\n\n<p id=\"block-6491d6b2-ed39-417c-b04b-85756dc241bb\">1967-1974 Studium an der Werkkunstschule Wiesbaden (bei Alo Altripp und Erwin Schutzbach), der Werkkunstschule\/Fachhochschule f\u00fcr Design, Bielefeld (bei Karl Heinz Meyer), an der Kunstindustriskole\/Danmarks Designskole, Kopenhagen sowie an der Hochschule f\u00fcr Bildende K\u00fcnste, Hamburg (bei Alfred Hrdlicka und Max Bense).<\/p>\n\n\n\n<figure class=\"wp-block-image size-large\"><img loading=\"lazy\" decoding=\"async\" width=\"768\" height=\"1024\" src=\"http:\/\/erhard-goettlicher.de\/wp-content\/uploads\/2024\/09\/port-01-768x1024.jpeg\" alt=\"\" class=\"wp-image-95\" srcset=\"http:\/\/erhard-goettlicher.de\/wp-content\/uploads\/2024\/09\/port-01-768x1024.jpeg 768w, http:\/\/erhard-goettlicher.de\/wp-content\/uploads\/2024\/09\/port-01-225x300.jpeg 225w, http:\/\/erhard-goettlicher.de\/wp-content\/uploads\/2024\/09\/port-01-1152x1536.jpeg 1152w, http:\/\/erhard-goettlicher.de\/wp-content\/uploads\/2024\/09\/port-01-1536x2048.jpeg 1536w, http:\/\/erhard-goettlicher.de\/wp-content\/uploads\/2024\/09\/port-01-scaled.jpeg 1920w\" sizes=\"auto, (max-width: 768px) 100vw, 768px\" \/><\/figure>\n\n\n\n<p id=\"block-009242ec-6545-45ff-b02c-2a12c5f23d0a\">\u00fcber 30 Kulturpreise und Auszeichnungen u.a<\/p>\n\n\n\n<p id=\"block-8802a8fb-aa27-4e4c-9ea1-ab124838df94\">1975 Kunstpreis \u201eJunger Westen\u201c Kunsthalle Recklinghausen<\/p>\n\n\n\n<p id=\"block-8def967a-b5ae-4a75-b3e3-8cd5c1a54d81\">1976 &amp; 1978 Golden Award of \u201eThe Art Annual\u201d Palo Alto<\/p>\n\n\n\n<p id=\"block-1e04b1a1-79c5-406b-a4b3-cbb69379540c\">1977\/78 Villa Massimo Stipendium der Deutschen Akademie Rom<\/p>\n\n\n\n<p id=\"block-123f8c94-259b-4d78-9d0e-47ffb25d3c89\">1978 \u201eJaarprijsen\u201c Amsterdam, Silver Award \u201eThe One Show\u201d New York<\/p>\n\n\n\n<p id=\"block-962da619-77a5-4952-bf85-b7598194c737\">1979 Casa Baldi Stipendium der Deutschen Akademie Rom. Preistr\u00e4ger des Neuen Berliner Kunstvereins<\/p>\n\n\n\n<p id=\"block-e0d2cf12-7376-44cf-b1b4-6d11c9513704\">1980 Stipendium des Kulturkreises der deutschen Wirtschaft<\/p>\n\n\n\n<p id=\"block-bc1a4b9c-95b3-4d04-a6e1-fcebb231291f\">1981 Kuba Ausstellungs &amp; Reisestipendium des Landes Schleswig-Holsstein<\/p>\n\n\n\n<p id=\"block-874b4acf-56a1-40f0-ad23-c495950bdc97\">1991 \u201cDrosteipreis\u201d Kulturpreis des Kreises Pinneberg<\/p>\n\n\n\n<p id=\"block-c3e91559-5721-46be-9b25-7841132127c1\">mit den Norddeutschen Realisten 2013 Kunstpreis der Schleswig-Holsteinischen Wirtschaft und Publikumspreis der NordArt 2019<\/p>\n\n\n\n<p id=\"block-eea8437f-8645-47d8-9e7e-77bb6ea0a154\">1975 bis 1980 Dozent f\u00fcr Akt- und fig\u00fcrliches Zeichnen an der FH Hamburg, Fachbereich Gestaltung<\/p>\n\n\n\n<p id=\"block-5ee42a98-73ed-4d7c-a299-d6d9b6f043c0\">1980 Ernennung zum Professor an der FH Hamburg, Gastdozent an der Jan van Eyck Academie Maastricht<\/p>\n\n\n\n<p id=\"block-00fa3d22-f415-41dc-8f12-50afbc399a9f\">1983 Gastprofessor an der Hochschule f\u00fcr K\u00fcnste Bremen<\/p>\n\n\n\n<p id=\"block-9e1e4dae-e416-40e6-bda8-8096f8854f7c\">1984 bis 2012 Professor f\u00fcr Kunst und Illustration an der Hochschule f\u00fcr Angewandte Wissenschaften Hamburg, Department Design<\/p>\n\n\n\n<p id=\"block-3b25e52e-99a8-43ed-a5a4-6d8853fbf667\">1987 bis 1993 Direktor der Internationalen Akademie f\u00fcr Kunst und Gestaltung \u201ePentiment\u201c an der HAW Hamburg<\/p>\n\n\n\n<p id=\"block-1377081f-e407-4923-8a0d-2a314776f750\">\u00fcber 200 Einzelausstellungen u.a.: 1972 Athenaeum Kopenhagen, Rathaus Graz. 1972, 1975 Galerie Hammer, Berlin. 1973 Galeria Nova, Barcelona. 1975 Galerie Albersta\u00dfe, Graz. Galerie \u201eStudium Generale\u201c (Lehrstuhl Max Bense) Universit\u00e4t Stuttgart. Galerie am Heidenschu\u00df, Wien. 1976 Galerie Baumeister, M\u00fcnchen. 1976,1977 Galerie Baviera, Z\u00fcrich.1977 Galerie Garuda, Darmstadt. Galerie Z\u00f6llner, Bremen. 1977,1986 Haus am L\u00fctzowplatz Kulturzentrum, Berlin.1978 Galerie Baviera &amp; Baltensberger, Biel (CH) 1980,1986 Galerie Apex, G\u00f6ttingen. 1982, 1987,1996 und 2003 Oberhessisches Museum, Gie\u00dfen. 1982 Galerie ergo, Wien. Hamburger Kunstverein \u201eEinladung zur Folter\u201c (Sonderausstellung). 1983 Galerie Below, Stuttgart. 1986,2016 Kunstverein Elmshorn. 1986 Brockdorf-Palais, Gl\u00fccksstadt. 1987 Galerie Schlutzky, Frankfurt. 1996 Kunsthalle Gie\u00dfen. 1997 K\u00fcnstlerhaus Mousonturm, Frankfurt. 2003 Schifffahrtsmuseum Flensburg. 2007 \u201eEinfache Genie\u00dfer\u201c in der Oyster Bar des Grand Elyse\u00e9, Hamburg (Dauerausstellung). 2008 St. J\u00fcrgen-Kirche, Flensburg \u201eDer verlorene Sohn\u201c (mit Janko G\u00f6ttlicher). 2011 Galerie im Grand Elyse\u00e9, Hamburg. 2013 Chateau de Barjac. 2015 Dom zu L\u00fcbeck (Sonderausstellung im Ostchor). 2016 BaneGaarden, Kunst &amp; Kultur (Sonderausstellung) Aabenraa, DK. J\u00fcdisches Museum, Rendsburg \/Landesmuseen. 2018 \u201eHelgoland in Sicht\u201c Die Drostei, Kreiskulturzentrum Pinneberg (mit Lilo Tadday und Thorsten Berndt, Fotografie). 2021 \u201eK\u00f6rper. Landschaften\u201c Die Drostei, Kreiskulturzentrum Pinneberg, 2022 \u201eJederzeit\u201c, Carlsart 78, Eckernf\u00f6rde, mit Uwe Thomas Guschl.<\/p>\n\n\n\n<p id=\"block-33b425c3-0c79-4297-810b-febf49e68897\">\u00fcber 500 Ausstellungsbeteiligungen in \u00fcber 40 L\u00e4ndern u.a.: 1974 \u201eStyrian Artline\u201c Neue Galerie am Joaneum, Graz. 1979\u201eFormen des Realismus, heute\u201c 20 deutsche Maler und Zeichner, Zacheta Palais Warschau und Kunsthalle Recklinghausen.&nbsp;1980 \u201eForms of Realism Today\u201d Montreal Muse\u00e9 d\u00b4art Contemporain. National Gallery Ottawa. Toronto Art Gallery\/Ontario. Art Gallery Vancuver. 1981 \u201eRealistische Grafik der BRD\u201c Centro Provincial de Artes Pl\u00e1sicas y Disenio Havanna\/ Kuba. 1982 \u201eDeutsche Realisten\u201c Kulturministerium Managua\/Nicaragua und Museo de Arte Costarricense, San Jose\/Costa Rica. 1983 \u201eStipendiaten der Villa Massimo 78-82\u201c Badischer Kunstverein Karlsruhe und Orangerie Kassel.&nbsp;\u201eRealistische Zeichnungen\u201c 8 K\u00fcnstler aus der Bundesrepublik Deutschland, Neue Nationalgalerie, Berlin und Barbican Center, London, dann 1984 K\u00fcnstlerhaus Salzburg.&nbsp;1985 Nationalpinacothek Athen. 1986 Goethe Institut Br\u00fcssel. Circolo de Bellas Artes, Madrid. Instituto Alemao, Lissabon und Porto. 1996 &#8222;Connex&#8220; Nine German Artists, University of Brighton Gallery.&nbsp;2013 \u201eRealismus in Norddeutschland\u201c Schleswig-Holsteinisches Landesmuseum Schlo\u00df Gottorf. 2014 \u201eAnn\u00e4herung\u201c (3) Chinesische und (4) deutsche K\u00fcnstler im Dialog, Schlo\u00df Dyck, J\u00fcchen. 2015 \u201eArt Canton\u201c Guangzhou, China. 2016 \u201eBeste Freunde\u201c Schleswig-Holsteinisches Landesmuseum Schlo\u00df Gottorf. NordArt 2019. 2021\u201eNordlicht\u201c Celler Schlo\u00df.<\/p>\n\n\n\n<p id=\"block-4ac9c8d0-6242-4855-b59d-992d944d7036\">Erhard G\u00f6ttlicher nimmt seit 1991 an den Symposien und Ausstellungen der Norddeutschen Realisten teil. Mitglied im K\u00fcnstlersonderbund in Deutschland, Realismus der Gegenwart. Mehrfach offizieller Vertreter Deutschlands auf Biennalen. Ank\u00e4ufe von \u00fcber 40 nationalen und internationalen Museen. Seit 2015 vertreten in der Norddeutschen Galerie des Schleswig-Holsteinischen Landesmuseums.&nbsp;<\/p>\n\n\n\n<figure class=\"wp-block-image size-large\"><img loading=\"lazy\" decoding=\"async\" width=\"685\" height=\"1024\" src=\"http:\/\/erhard-goettlicher.de\/wp-content\/uploads\/2024\/09\/portrait-685x1024.jpg\" alt=\"\" class=\"wp-image-96\" srcset=\"http:\/\/erhard-goettlicher.de\/wp-content\/uploads\/2024\/09\/portrait-685x1024.jpg 685w, http:\/\/erhard-goettlicher.de\/wp-content\/uploads\/2024\/09\/portrait-201x300.jpg 201w, http:\/\/erhard-goettlicher.de\/wp-content\/uploads\/2024\/09\/portrait-768x1147.jpg 768w, http:\/\/erhard-goettlicher.de\/wp-content\/uploads\/2024\/09\/portrait-1028x1536.jpg 1028w, http:\/\/erhard-goettlicher.de\/wp-content\/uploads\/2024\/09\/portrait-1371x2048.jpg 1371w, http:\/\/erhard-goettlicher.de\/wp-content\/uploads\/2024\/09\/portrait-scaled.jpg 1714w\" sizes=\"auto, (max-width: 685px) 100vw, 685px\" \/><\/figure>\n","protected":false},"excerpt":{"rendered":"<p>Erhard G\u00f6ttlicher, geboren 1946 in Graz, lebt und arbeitet in Uetersen,&nbsp;zweites Atelier in Eckernf\u00f6rde\/Carlsh\u00f6he, Schleswig-Holstein 1967-1974 Studium an der Werkkunstschule Wiesbaden (bei Alo Altripp und Erwin Schutzbach), der Werkkunstschule\/Fachhochschule f\u00fcr Design, Bielefeld (bei Karl Heinz Meyer), an der Kunstindustriskole\/Danmarks Designskole, Kopenhagen sowie an der Hochschule f\u00fcr Bildende K\u00fcnste, Hamburg (bei Alfred Hrdlicka und Max Bense). [&hellip;]<\/p>\n","protected":false},"author":1,"featured_media":0,"parent":0,"menu_order":0,"comment_status":"closed","ping_status":"closed","template":"","meta":{"footnotes":""},"class_list":["post-48","page","type-page","status-publish","hentry"],"_links":{"self":[{"href":"http:\/\/erhard-goettlicher.de\/index.php\/wp-json\/wp\/v2\/pages\/48","targetHints":{"allow":["GET"]}}],"collection":[{"href":"http:\/\/erhard-goettlicher.de\/index.php\/wp-json\/wp\/v2\/pages"}],"about":[{"href":"http:\/\/erhard-goettlicher.de\/index.php\/wp-json\/wp\/v2\/types\/page"}],"author":[{"embeddable":true,"href":"http:\/\/erhard-goettlicher.de\/index.php\/wp-json\/wp\/v2\/users\/1"}],"replies":[{"embeddable":true,"href":"http:\/\/erhard-goettlicher.de\/index.php\/wp-json\/wp\/v2\/comments?post=48"}],"version-history":[{"count":4,"href":"http:\/\/erhard-goettlicher.de\/index.php\/wp-json\/wp\/v2\/pages\/48\/revisions"}],"predecessor-version":[{"id":97,"href":"http:\/\/erhard-goettlicher.de\/index.php\/wp-json\/wp\/v2\/pages\/48\/revisions\/97"}],"wp:attachment":[{"href":"http:\/\/erhard-goettlicher.de\/index.php\/wp-json\/wp\/v2\/media?parent=48"}],"curies":[{"name":"wp","href":"https:\/\/api.w.org\/{rel}","templated":true}]}}